911?
2
What is the units digit of 290567?
7
What is the tens digit of 778051?
5
What is the ten thousands digit of 187758?
8
What is the tens digit of 2175413?
1
What is the hundred thousands digit of 111823?
1
What is the units digit of 415470?
0
What is the tens digit of 10278360?
6
What is the tens digit of 117660?
6
What is the units digit of 210532?
2
What is the millions digit of 5508539?
5
What is the millions digit of 32604778?
2
What is the millions digit of 7814914?
7
What is the ten thousands digit of 1832775?
3
What is the hundred thousands digit of 560052?
5
What is the tens digit of 718753?
5
What is the tens digit of 656634?
3
What is the thousands digit of 29227?
9
What is the tens digit of 2602817?
1
What is the ten millions digit of 22485189?
2
What is the ten thousands digit of 1067853?
6
What is the ten millions digit of 20492529?
2
What is the hundreds digit of 2652151?
1
What is the ten thousands digit of 4271128?
7
What is the hundred thousands digit of 393981?
3
What is the ten thousands digit of 1372885?
7
What is the thousands digit of 763716?
3
What is the tens digit of 825951?
5
What is the tens digit of 11697332?
3
What is the hundreds digit of 27367?
3
What is the thousands digit of 709419?
9
What is the units digit of 2499539?
9
What is the thousands digit of 4914307?
4
What is the thousands digit of 339753?
9
What is the units digit of 706422?
2
What is the tens digit of 9260996?
9
What is the ten thousands digit of 330982?
3
What is the ten millions digit of 12492033?
1
What is the ten thousands digit of 37594415?
9
What is the hundreds digit of 16339323?
3
What is the tens digit of 1107663?
6
What is the ten thousands digit of 495572?
9
What is the hundred thousands digit of 244114?
2
What is the hundreds digit of 8389799?
7
What is the tens digit of 21723938?
3
What is the ten thousands digit of 7239762?
3
What is the hundreds digit of 2640443?
4
What is the ten thousands digit of 254815?
5
What is the thousands digit of 3368110?
8
What is the ten thousands digit of 496888?
9
What is the units digit of 247702?
2
What is the hundreds digit of 10981158?
1
What is the thousands digit of 4864120?
4
What is the ten thousands digit of 12879311?
7
What is the millions digit of 1547931?
1
What is the units digit of 2593368?
8
What is the ten thousands digit of 270342?
7
What is the units digit of 397968?
8
What is the ten thousands digit of 320690?
2
What is the hundred thousands digit of 741963?
7
What is the thousands digit of 229415?
9
What is the tens digit of 48?
4
What is the units digit of 18280504?
4
What is the hundreds digit of 102490?
4
What is the tens digit of 297660?
6
What is the tens digit of 4189981?
8
What is the hundreds digit of 373030?
0
What is the ten thousands digit of 9403172?
0
What is the ten thousands digit of 327484?
2
What is the hundred thousands digit of 13172298?
1
What is the ten thousands digit of 141619?
4
What is the tens digit of 9051353?
5
What is the tens digit of 280368?
6
What is the ten thousands digit of 15660756?
6
What is the units digit of 710169?
9
What is the millions digit of 20782504?
0
What is the tens digit of 5358465?
6
What is the tens digit of 490592?
9
What is the hundred thousands digit of 1256898?
2
What is the ten thousands digit of 113669?
1
What is the tens digit of 173090?
9
What is the hundred thousands digit of 502469?
5
What is the hundreds digit of 911482?
4
What is the millions digit of 38511606?
8
What is the tens digit of 294622?
2
What is the thousands digit of 739558?
9
What is the hundred thousands digit of 194390?
1
What is the thousands digit of 48113?
8
What is the tens digit of 324575?
7
What is the thousands digit of 1046463?
6
What is the millions digit of 7067489?
7
What is the hundreds digit of 2914902?
9
What is the hundred thousands digit of 771906?
7
What is the thousands digit of 4493085?
3
What is the thousands digit of 214681?
4
What is the thousands digit of 5363150?
3
What is the thousands digit of 294077?
4
What is the hundred thousands digit of 530990?
5
What is the units digit of 1826208?
8
What is the hundreds digit of 6400592?
5
What is the hundred thousands digit of 1591707?
5
What is the hundreds digit of 389899?
8
What is the millions digit of 5919266?
5
What is the ten thousands digit of 359764?
5
What is the units digit of 583514?
4
What is the hundreds digit of 5056437?
4
What is the millions digit of 3177774?
3
What is the units digit of 17782535?
5
What is the tens digit of 7170199?
9
What is the thousands digit of 217509?
7
What is the units digit of 471262?
2
What is the hundreds digit of 2208914?
9
What is the hundred thousands digit of 722509?
7
What is the thousands digit of 988581?
8
What is the thousands digit of 821823?
1
What is the tens digit of 987866?
6
What is the tens digit of 2239462?
6
What is the ten thousands digit of 705605?
0
What is the tens digit of 375963?
6
What is the thousands digit of 3974899?
4
What is the thousands digit of 304612?
4
What is the thousands digit of 551893?
1
What is the tens digit of 25708623?
2
What is the units digit of 10870299?
9
What is the units digit of 389660?
0
What is the millions digit of 6044792?
6
What is the hundreds digit of 86371?
3
What is the units digit of 1659938?
8
What is the hundred thousands digit of 2953820?
9
What is the units digit of 187395?
5
What is the ten thousands digit of 22348411?
4
What is the hundred thousands digit of 266777?
2
What is the tens digit of 1153336?
3
What is the units digit of 14770?
0
What is the ten thousands digit of 1230106?
3
What is the tens digit of 742799?
9
What is the tens digit of 27642097?
9
What is the ten millions digit of 14698002?
1
What is the units digit of 154260?
0
What is the hundred thousands digit of 167644?
1
What is the thousands digit of 15394?
5
What is the units digit of 7917938?
8
What is the thousands digit of 13792634?
2
What is the ten thousands digit of 1220036?
2
What is the units digit of 216172?
2
What is the thousands digit of 3711241?
1
What is the tens digit of 195030?
3
What is the hundred thousands digit of 1580447?
5
What is the ten thousands digit of 5821797?
2
What is the thousands digit of 13685054?
5
What is the ten thousands digit of 92486?
9
What is the hundred thousands digit of 293947?
2
What is the hundreds digit of 16778479?
4
What is the tens digit of 8027485?
8
What is the millions digit of 2221516?
2
What is the thousands digit of 841675?
1
What is the hundred thousands digit of 4579455?
5
What is the units digit of 8016175?
5
What is the hundreds digit of 308004?
0
What is the thousands digit of 431623?
1
What is the hundreds digit of 1372560?
5
What is the ten thousands digit of 1209801?
0
What is the thousands digit of 3519283?
9
What is the units digit of 267151?
1
What is the millions digit of 1603593?
1
What is the thousands digit of 25189012?
9
What is the thousands digit of 8298459?
8
What is the units digit of 11579079?
9
What is the units digit of 744273?
3
What is the thousands digit of 447468?
7
What is the ten thousands digit of 10145318?
4
What is the hundreds digit of 19962?
9
What is the tens digit of 1658766?
6
What is the hundred thousands digit of 305309?
3
What is the thousands digit of 477230?
7
What is the thousands digit of 47477?
7
What is the hundreds digit of 165054?
0
What is the hundreds digit of 159695?
6
What is the millions digit of 3707550?
3
What is the ten thousands digit of 357855?
5
What is the hundred thousands digit of 3586859?
5
What is the thousands digit of 65306?
5
What is the units digit of 2899490?
0
What is the units digit of 8194888?
8
What is the hundred thousands digit of 10205038?
2
What is the thousands digit of 63635?
3
What is the units digit of 1833371?
1
What is the ten thousands digit of 5264178?
6
What is the thousands digit of 2303187?
3
What is the hundreds digit of 464686?
6
What is the units digit of 1462526?
6
What is the tens digit of 292223?
2
What is the ten thousands digit of 19354263?
5
What is the hundred thousands digit of 618683?
6
What is the millions digit of 5728723?
5
What is the hundreds digit of 98403?
4
What is the units digit of 846974?
4
What is the millions digit of 1399044?
1
What is 